actor of 25 and m?
25
Let f be 2 - -1 - (3 - (0 + 8)). Suppose 0*h + f*h = 40. Suppose -8 + 63 = h*z. Calculate the highest common factor of 1 and z.
1
Suppose 0 = -88*r + 1073 - 369. Let g(d) = -4*d + 6. Let i be g(-5). Calculate the greatest common factor of r and i.
2
Let k = 1544 - 1352. Let a(o) = 3*o**2 - o + 2. Let j be a(2). Calculate the greatest common factor of j and k.
12
Suppose 0 = -h + 11 - 7, 4*h = -3*i + 7177. What is the greatest common factor of 62 and i?
31
Let m be 2 - 4 - -1075 - 1. What is the highest common factor of m and 64?
16
Let n = -40947 - -40992. Calculate the highest common divisor of 2097 and n.
9
Let w be -2 - (4/(-4) - 16). Suppose 358 = 10*x - 12. Let u = x + -7. What is the highest common divisor of u and w?
15
Suppose -788 + 4878 + 13802 = 71*l. What is the greatest common divisor of 5628 and l?
84
Let p(j) = -j**3 - 2*j**2 - 3*j - 11. Suppose 2*k = 4 - 10. Let c be p(k). Suppose -9*d + 32 = -c*d. Calculate the highest common divisor of 2 and d.
2
Suppose -2*d + 40 = s, 4*s + d - 141 - 33 = 0. Calculate the highest common factor of s and 2068.
44
Let b(x) = x**3 - 22*x**2 + 73*x. Let g be b(4). Suppose g*i = -5*w + 187, 0*i = w + 5*i - 29. What is the highest common factor of w and 39?
39
Let t be (-10)/(-45) - (-345)/27 - 2. Suppose -t*s = 1 - 67. What is the greatest common divisor of s and 24?
6
Suppose 12 = 2*n + n. Suppose -4*j - g = 0, -j + 2 + 15 = -n*g. Calculate the greatest common divisor of 49 and j.
1
Suppose -w + 2*g + 12 = 0, -5*w - g - 4*g = -15. Suppose -479682 = 237*r - 1106*r - 118*r. Calculate the highest common divisor of w and r.
6
Suppose -8 = 2*p, 0*p + 2*p = -5*f - 93. Let g(o) = o**2 + 16*o - 1. Let t be g(f). Let q be 23 + 2/(3 - 1). Calculate the highest common factor of q and t.
8
Suppose -2*h - 9 = z - 3, -4*z + 4*h + 36 = 0. Suppose 16 = 2*m - 3*y, 6*y + 48 = 4*m + z*y. Calculate the highest common divisor of m and 364.
14
Suppose -z - 1 = 0, -4*z + 47 = 5*x - 829. What is the greatest common divisor of 110 and x?
22
Let k(z) = 2*z**2 + 12*z - 31. Let l be k(3). Suppose 0 = l*x - 27*x + 1312. What is the greatest common factor of 8 and x?
8
Suppose -733 = -5*g - w, 7*g - 4*g - 2*w = 445. What is the greatest common divisor of g and 196?
49
Suppose -33*g = -394 - 1190. What is the highest common factor of 7056 and g?
48
Let g = -98 + 97. Let v(s) = -107*s - 2. Let a be v(g). Suppose -a = -3*c + 54. What is the greatest common factor of 53 and c?
53
Let b = -32 - -104. Suppose 2*z = 3*m - 279, 4*z - 63 = -m + 30. Let j = m - 85. Calculate the highest common divisor of j and b.
8
Let t = 11972 - 3886. What is the greatest common factor of t and 26?
26
Let o be ((-18)/4 - -5)/(1/446). Let z = -58 + o. What is the highest common divisor of z and 60?
15
Suppose -2*o = -v + 184, -o + 0*o + 524 = 3*v. Suppose -v = 6*k - 22*k. Calculate the greatest common divisor of 77 and k.
11
Suppose 554*c + 34224 = 560*c. What is the highest common factor of c and 248?
248
Let z = 2894 + 1665. What is the highest common divisor of 97 and z?
97
Let r be -1 + 3/(-9) - 206/3. Let m = -40 - r. Suppose -g + 45 = 2*g. What is the greatest common factor of m and g?
15
Let r(x) = -6*x - 6. Let m(c) = -c**3 + 25*c**2 + 26*c - 3. Let g be m(26). Let i be r(g). Calculate the greatest common divisor of 4 and i.
4
Suppose 0 = 5*g + 3*s - 4742 + 791, 2*s + 3966 = 5*g. Calculate the greatest common divisor of 360 and g.
72
Let z = -1243 - -1249. Suppose -5*i = -3*q + 4, 2*i - 12 + 4 = 0. What is the highest common divisor of z and q?
2
Let n(w) = 25*w + 1392. Let r be n(-54). What is the greatest common divisor of 1302 and r?
42
Let p(j) = 3*j**3 + 7*j**2 - 6*j - 14. Let l be p(-6). Let k = l + 462. What is the highest common divisor of 396 and k?
44
Let q be (-49248)/(-133)*1785/34. Calculate the highest common factor of 20 and q.
20
Let n = 985 - 930. Let h = 18 + -13. Suppose -2*w = 4*s - 4*w - 10, 0 = h*s - 5*w. What is the highest common factor of n and s?
5
Let t = -252 + 297. Let x = 72 + -38. Let r be 302/x - (-2)/17. What is the greatest common divisor of r and t?
9
Let m be 2*3 + 48/(-8). Suppose -2*h + 10 + 0 = m. Calculate the greatest common factor of 55 and h.
5
Let h(d) = -7*d + 30. Let c be h(18). Let i = c + 101. Suppose -5*k - 145 = -i*x + 720, -k = 2*x - 340. What is the greatest common divisor of 19 and x?
19
Suppose -21 = 6*b + 3. Let v be -4 + 1 - 1 - b. Suppose 2*j - 520 + 80 = v. Calculate the greatest common factor of 20 and j.
20
Let q = -403 + 104. Let z = q - -175. Let y = 164 + z. What is the greatest common factor of y and 10?
10
Suppose a = 2*f - 717, 3*f + 2*a + 0*a = 1086. Suppose 122*h - 128*h = -f. What is the highest common divisor of 20 and h?
20
Let y = 8757 + -6272. What is the highest common divisor of y and 210?
35
Let s = 420 + -350. Let r(u) = -u**3 - 8*u**2 - 16*u + 4. Let v = 12 + -18. Let x be r(v). What is the greatest common factor of x and s?
14
Let f = -415 - -425. Suppose 0 = -5*i - 3*t + 662, 5*i + 670 = f*i + 5*t. Calculate the greatest common factor of i and 65.
65
Let c be -9 - ((-20)/60 + (-16)/6). Let p be (-4)/(-6) + c/(-18)*1. Let b be (0 + -1)*-2 + 9. What is the highest common divisor of b and p?
1
Let o = 1533 + 4262. Calculate the greatest common divisor of o and 1830.
305
Let t(x) = 32*x - 10. Let l be t(3). Suppose 2*q + l - 66 = 0. Let k be (-3)/6 - 635/q. Calculate the highest common divisor of k and 14.
7
Suppose 17*a - 14*a - 6 = -m, 0 = -2*a - m + 5. Let d(v) = 233*v**3 + 3*v**2 - 2*v. Let u be d(a). What is the greatest common factor of u and 2?
2
Let n = 398 + -5. Suppose -33 = h - n. Suppose 9*r - h = -0*r. What is the greatest common factor of 20 and r?
20
Let t be 5/6 - 19500/(-360). Let r be (16/6)/(2/33). What is the highest common divisor of r and t?
11
Let k(w) = -4*w**3 - 20*w**2 - 5*w - 13. Let j be 1*7*(-162)/189. Let u be k(j). What is the highest common divisor of u and 46?
23
Let w be (2413/(-254))/(3/(-474)). What is the greatest common divisor of 76 and w?
19
Let h = -9938 - -10168. What is the highest common factor of 270 and h?
10
Suppose -3*r - 1365 = -1449. Calculate the highest common divisor of r and 20356.
28
Let n be 18/4*(40 - 0)/(514 - 510). Let l(f) = f**2 + f - 5. Let p = -3 + -2. Let i be l(p). What is the highest common divisor of n and i?
15
Suppose -124*t + 43*t = -2570211. What is the highest common divisor of 42 and t?
21
Suppose -8*d - 14 = -30. Suppose -3*s + d*i = -86, 6*i - 4*i - 94 = -3*s. What is the greatest common factor of s and 40?
10
Let t(r) = -537*r + 8. Let w be t(0). What is the highest common divisor of w and 164?
4
Suppose -13*v + 1 + 233 = 0. Let r(w) = w**3 - 13*w**2 - 40*w - 29. Let j be r(v). What is the greatest common divisor of 26 and j?
13
Let m be (720/14)/(60/210). Calculate the highest common divisor of 40 and m.
20
Let j be 52/6*((55 - -13) + -14). What is the greatest common factor of 36 and j?
36
Suppose 0 = 56*l + 14729 - 209777. What is the greatest common factor of l and 162?
81
Let z be 2 - (-14692)/22 - 52/(-286). Suppose -11*k = -k - z. What is the greatest common factor of k and 268?
67
Suppose -27*o + 73*o + 99*o = 94540. What is the highest common divisor of o and 163?
163
Suppose 22 = 2*b + 3*i - 18, 73 = 3*b - 2*i. Let q be (-5)/80*-8 + b/2. Calculate the highest common divisor of 3 and q.
3
Let t(f) = 103*f - 45. Let h(b) = 103*b - 46. Let k(n) = -2*h(n) + 3*t(n). Let i be k(13). Calculate the greatest common divisor of 16 and i.
16
Suppose 3*i - 9351 = -3*t, 3*t + 26 - 17 = 0. Calculate the highest common factor of 45 and i.
15
Suppose 5*g = 5*d + 484 - 44, -5*d + 370 = 4*g. Let r be (-8)/((-348)/g - -4)*-1. What is the highest common factor of 24 and r?
12
Suppose -40 = 33*t - 34*t. Suppose 5*u - 2198 = 2*n - 0*n, 5 = 5*n. Calculate the greatest common factor of t and u.
40
Let q be (-6)/2 + -50449 - (5 - 1). Let v be q/(-646) - (-2)/(-19). Calculate the highest common divisor of 30 and v.
6
Suppose 3*p + q = 11, -6*p + 2*q = -3*p + 4. Suppose 0 = -17*w + 24*w - 1183. Suppose -69 = -p*l + w. Calculate the highest common factor of 17 and l.
17
Let a be (((-168)/(-30) - 5)*30)/(4/28). Calculate the highest common divisor of 56 and a.
14
Let l = 5228 + -5177. Ca